Dec 01 21:22:13.520 INFO testing cmars/pong against master#8940af3cea4a9a9deabcaf843b2f8cad9a83fc61 for beta-1.31-5
Dec 01 21:22:13.520 INFO running `"docker" "create" "-v" "/mnt/big/crater/work/local/target-dirs/beta-1.31-5/worker-2/master#8940af3cea4a9a9deabcaf843b2f8cad9a83fc61:/target:rw,Z" "-v" "/mnt/big/crater/work/local/test-source/worker-2/beta-1.31-5/master#8940af3cea4a9a9deabcaf843b2f8cad9a83fc61:/source:ro,Z" "-v" "/mnt/big/crater/work/local/cargo-home:/cargo-home:ro,Z" "-v" "/mnt/big/crater/work/local/rustup-home:/rustup-home:ro,Z" "-e" "USER_ID=1000" "-e" "SOURCE_DIR=/source" "-e" "USER_ID=1000" "-e" "CMD=cargo +8940af3cea4a9a9deabcaf843b2f8cad9a83fc61-alt build --frozen" "-e" "CARGO_TARGET_DIR=/target" "-e" "CARGO_INCREMENTAL=0" "-e" "RUST_BACKTRACE=full" "-e" "RUSTFLAGS=--cap-lints=warn" "-e" "CARGO_HOME=/cargo-home" "-e" "RUSTUP_HOME=/rustup-home" "-m" "1536M" "--network" "none" "crater"`
Dec 01 21:22:13.823 INFO [stdout] 9e4d57b2dc0027645cb226976c9c639b876069e585bf48eb95e9909048a00969
Dec 01 21:22:13.827 INFO running `"docker" "start" "-a" "9e4d57b2dc0027645cb226976c9c639b876069e585bf48eb95e9909048a00969"`
Dec 01 21:22:15.231 INFO [stderr] usermod: no changes
Dec 01 21:22:15.871 INFO [stderr]    Compiling serde v1.0.78
Dec 01 21:22:15.891 INFO [stderr]    Compiling libloading v0.5.0
Dec 01 21:22:15.891 INFO [stderr]    Compiling cmake v0.1.35
Dec 01 21:22:15.891 INFO [stderr]    Compiling minimp3-sys v0.3.0
Dec 01 21:22:15.891 INFO [stderr]    Compiling crossbeam-utils v0.6.0
Dec 01 21:22:15.891 INFO [stderr]    Compiling slice-deque v0.1.13
Dec 01 21:22:15.891 INFO [stderr]    Compiling rustc-hash v1.0.1
Dec 01 21:22:15.891 INFO [stderr]    Compiling ogg v0.4.1
Dec 01 21:22:19.839 INFO [stderr]    Compiling xcb v0.8.2
Dec 01 21:22:19.847 INFO [stderr]    Compiling alsa-sys v0.1.2
Dec 01 21:22:19.912 INFO [stderr]    Compiling rustc_version_runtime v0.1.3
Dec 01 21:22:19.962 INFO [stderr] error: failed to run custom build command for `alsa-sys v0.1.2`
Dec 01 21:22:19.962 INFO [stderr] process didn't exit successfully: `/target/debug/build/alsa-sys-ee14a39587dcb5bb/build-script-build` (exit code: 101)
Dec 01 21:22:19.962 INFO [stderr] --- stderr
Dec 01 21:22:19.963 INFO [stderr] thread 'main' panicked at 'called `Result::unwrap()` on an `Err` value: "`\"pkg-config\" \"--libs\" \"--cflags\" \"alsa\"` did not exit successfully: exit code: 1\n--- stderr\nPackage alsa was not found in the pkg-config search path.\nPerhaps you should add the directory containing `alsa.pc\'\nto the PKG_CONFIG_PATH environment variable\nNo package \'alsa\' found\n"', libcore/result.rs:1009:5
Dec 01 21:22:19.963 INFO [stderr] stack backtrace:
Dec 01 21:22:19.963 INFO [stderr]    0:     0x55b40bc9e7af - std::sys::unix::backtrace::tracing::imp::unwind_backtrace::h3a8b83e1922cbdde
Dec 01 21:22:19.963 INFO [stderr]                                at libstd/sys/unix/backtrace/tracing/gcc_s.rs:49
Dec 01 21:22:19.963 INFO [stderr]    1:     0x55b40bcaa787 - std::sys_common::backtrace::print::h00d3155a29b4020f
Dec 01 21:22:19.963 INFO [stderr]                                at libstd/sys_common/backtrace.rs:71
Dec 01 21:22:19.963 INFO [stderr]                                at libstd/sys_common/backtrace.rs:59
Dec 01 21:22:19.963 INFO [stderr]    2:     0x55b40bca364f - std::panicking::default_hook::{{closure}}::hd7465c742e79e1bb
Dec 01 21:22:19.963 INFO [stderr]                                at libstd/panicking.rs:211
Dec 01 21:22:19.963 INFO [stderr]    3:     0x55b40bca33b4 - std::panicking::default_hook::h9e3966f2aa2a6e12
Dec 01 21:22:19.963 INFO [stderr]                                at libstd/panicking.rs:227
Dec 01 21:22:19.963 INFO [stderr]    4:     0x55b40bca3c7e - std::panicking::rust_panic_with_hook::h587f091ae747d080
Dec 01 21:22:19.963 INFO [stderr]                                at libstd/panicking.rs:476
Dec 01 21:22:19.963 INFO [stderr]    5:     0x55b40bca3821 - std::panicking::continue_panic_fmt::hb3a4fdede87f43a8
Dec 01 21:22:19.963 INFO [stderr]                                at libstd/panicking.rs:390
Dec 01 21:22:19.963 INFO [stderr]    6:     0x55b40bca3705 - rust_begin_unwind
Dec 01 21:22:19.963 INFO [stderr]                                at libstd/panicking.rs:325
Dec 01 21:22:19.963 INFO [stderr]    7:     0x55b40bce52cc - core::panicking::panic_fmt::h6f9cebf5e7474a0b
Dec 01 21:22:19.963 INFO [stderr]                                at libcore/panicking.rs:77
Dec 01 21:22:19.963 INFO [stderr]    8:     0x55b40bc55e2f - core::result::unwrap_failed::hf591ada7b739c991
Dec 01 21:22:19.963 INFO [stderr]                                at libcore/macros.rs:26
Dec 01 21:22:19.963 INFO [stderr]    9:     0x55b40bc55c89 - <core::result::Result<T, E>>::unwrap::hb7e031485f6ccf5b
Dec 01 21:22:19.963 INFO [stderr]                                at libcore/result.rs:808
Dec 01 21:22:19.963 INFO [stderr]   10:     0x55b40bc55a85 - build_script_build::main::h291fc9bd867d0cb6
Dec 01 21:22:19.963 INFO [stderr]                                at /cargo-home/registry/src/github.com-1ecc6299db9ec823/alsa-sys-0.1.2/build.rs:4
Dec 01 21:22:19.963 INFO [stderr]   11:     0x55b40bc55a2f - std::rt::lang_start::{{closure}}::h417bfd793de8d962
Dec 01 21:22:19.963 INFO [stderr]                                at libstd/rt.rs:74
Dec 01 21:22:19.963 INFO [stderr]   12:     0x55b40bca36f2 - std::panicking::try::do_call::h52e7f80ff0fdcc45
Dec 01 21:22:19.963 INFO [stderr]                                at libstd/rt.rs:59
Dec 01 21:22:19.963 INFO [stderr]                                at libstd/panicking.rs:310
Dec 01 21:22:19.963 INFO [stderr]   13:     0x55b40bcb5739 - __rust_maybe_catch_panic
Dec 01 21:22:19.963 INFO [stderr]                                at libpanic_unwind/lib.rs:102
Dec 01 21:22:19.963 INFO [stderr]   14:     0x55b40bc9327a - std::rt::lang_start_internal::h38cae898de7f805c
Dec 01 21:22:19.963 INFO [stderr]                                at libstd/panicking.rs:289
Dec 01 21:22:19.963 INFO [stderr]                                at libstd/panic.rs:392
Dec 01 21:22:19.963 INFO [stderr]                                at libstd/rt.rs:58
Dec 01 21:22:19.963 INFO [stderr]   15:     0x55b40bc55a08 - std::rt::lang_start::hac298d1ffbd57b2c
Dec 01 21:22:19.963 INFO [stderr]                                at libstd/rt.rs:74
Dec 01 21:22:19.963 INFO [stderr]   16:     0x55b40bc55ac9 - main
Dec 01 21:22:19.963 INFO [stderr]   17:     0x7fc160ae882f - __libc_start_main
Dec 01 21:22:19.963 INFO [stderr]   18:     0x55b40bc55448 - _start
Dec 01 21:22:19.963 INFO [stderr]   19:                0x0 - <unknown>
Dec 01 21:22:19.963 INFO [stderr] 
Dec 01 21:22:19.963 INFO [stderr] warning: build failed, waiting for other jobs to finish...
Dec 01 21:22:20.927 INFO [stderr] error: failed to run custom build command for `xcb v0.8.2`
Dec 01 21:22:20.927 INFO [stderr] process didn't exit successfully: `/target/debug/build/xcb-53cec99374eee84d/build-script-build` (exit code: 101)
Dec 01 21:22:20.927 INFO [stderr] --- stderr
Dec 01 21:22:20.927 INFO [stderr] error occured in handler:  ('request: ', ('xcb', 'Shm', 'CreateSegment'))
Dec 01 21:22:20.927 INFO [stderr] Traceback (most recent call last):
Dec 01 21:22:20.927 INFO [stderr]   File "/cargo-home/registry/src/github.com-1ecc6299db9ec823/xcb-0.8.2/rs_client.py", line 2448, in <module>
Dec 01 21:22:20.927 INFO [stderr]     module.generate()
Dec 01 21:22:20.927 INFO [stderr]   File "/cargo-home/registry/src/github.com-1ecc6299db9ec823/xcb-0.8.2/xcbgen/state.py", line 108, in generate
Dec 01 21:22:20.927 INFO [stderr]     self.close()
Dec 01 21:22:20.927 INFO [stderr]   File "/cargo-home/registry/src/github.com-1ecc6299db9ec823/xcb-0.8.2/rs_client.py", line 296, in rs_close
Dec 01 21:22:20.927 INFO [stderr]     _f.writeout(os.path.join(module.rs_srcdir, "ffi", "%s.rs" % _module_name(_ns.ext_name)))
Dec 01 21:22:20.927 INFO [stderr]   File "/cargo-home/registry/src/github.com-1ecc6299db9ec823/xcb-0.8.2/rs_client.py", line 114, in writeout
Dec 01 21:22:20.927 INFO [stderr]     with open(path, 'w') as f:
Dec 01 21:22:20.927 INFO [stderr] OSError: [Errno 30] Read-only file system: '/cargo-home/registry/src/github.com-1ecc6299db9ec823/xcb-0.8.2/src/ffi/shm.rs'
Dec 01 21:22:20.927 INFO [stderr] thread 'main' panicked at 'processing of /cargo-home/registry/src/github.com-1ecc6299db9ec823/xcb-0.8.2/xml/shm.xml returned non-zero (1)', /cargo-home/registry/src/github.com-1ecc6299db9ec823/xcb-0.8.2/build.rs:75:17
Dec 01 21:22:20.927 INFO [stderr] stack backtrace:
Dec 01 21:22:20.927 INFO [stderr]    0:     0x55cfd5d7d1ff - std::sys::unix::backtrace::tracing::imp::unwind_backtrace::h3a8b83e1922cbdde
Dec 01 21:22:20.927 INFO [stderr]                                at libstd/sys/unix/backtrace/tracing/gcc_s.rs:49
Dec 01 21:22:20.927 INFO [stderr]    1:     0x55cfd5d885c7 - std::sys_common::backtrace::print::h00d3155a29b4020f
Dec 01 21:22:20.927 INFO [stderr]                                at libstd/sys_common/backtrace.rs:71
Dec 01 21:22:20.927 INFO [stderr]                                at libstd/sys_common/backtrace.rs:59
Dec 01 21:22:20.927 INFO [stderr]    2:     0x55cfd5d8148f - std::panicking::default_hook::{{closure}}::hd7465c742e79e1bb
Dec 01 21:22:20.927 INFO [stderr]                                at libstd/panicking.rs:211
Dec 01 21:22:20.927 INFO [stderr]    3:     0x55cfd5d811f4 - std::panicking::default_hook::h9e3966f2aa2a6e12
Dec 01 21:22:20.927 INFO [stderr]                                at libstd/panicking.rs:227
Dec 01 21:22:20.927 INFO [stderr]    4:     0x55cfd5d81abe - std::panicking::rust_panic_with_hook::h587f091ae747d080
Dec 01 21:22:20.927 INFO [stderr]                                at libstd/panicking.rs:476
Dec 01 21:22:20.927 INFO [stderr]    5:     0x55cfd5d81661 - std::panicking::continue_panic_fmt::hb3a4fdede87f43a8
Dec 01 21:22:20.927 INFO [stderr]                                at libstd/panicking.rs:390
Dec 01 21:22:20.927 INFO [stderr]    6:     0x55cfd5d815ae - std::panicking::begin_panic_fmt::h387afc7da9a10555
Dec 01 21:22:20.927 INFO [stderr]                                at libstd/panicking.rs:345
Dec 01 21:22:20.927 INFO [stderr]    7:     0x55cfd5d65f16 - build_script_build::main::{{closure}}::h56fb433355841c53
Dec 01 21:22:20.927 INFO [stderr]                                at /cargo-home/registry/src/github.com-1ecc6299db9ec823/xcb-0.8.2/build.rs:75
Dec 01 21:22:20.927 INFO [stderr]    8:     0x55cfd5d6471c - build_script_build::visit_xml::h6abd0be0e144917d
Dec 01 21:22:20.927 INFO [stderr]                                at /cargo-home/registry/src/github.com-1ecc6299db9ec823/xcb-0.8.2/build.rs:20
Dec 01 21:22:20.927 INFO [stderr]    9:     0x55cfd5d65264 - build_script_build::main::h961b67c6e401fc9f
Dec 01 21:22:20.927 INFO [stderr]                                at /cargo-home/registry/src/github.com-1ecc6299db9ec823/xcb-0.8.2/build.rs:56
Dec 01 21:22:20.927 INFO [stderr]   10:     0x55cfd5d6827f - std::rt::lang_start::{{closure}}::h8c17abe7f23af1a7
Dec 01 21:22:20.927 INFO [stderr]                                at libstd/rt.rs:74
Dec 01 21:22:20.927 INFO [stderr]   11:     0x55cfd5d81532 - std::panicking::try::do_call::h52e7f80ff0fdcc45
Dec 01 21:22:20.927 INFO [stderr]                                at libstd/rt.rs:59
Dec 01 21:22:20.927 INFO [stderr]                                at libstd/panicking.rs:310
Dec 01 21:22:20.927 INFO [stderr]   12:     0x55cfd5d93579 - __rust_maybe_catch_panic
Dec 01 21:22:20.927 INFO [stderr]                                at libpanic_unwind/lib.rs:102
Dec 01 21:22:20.927 INFO [stderr]   13:     0x55cfd5d7169a - std::rt::lang_start_internal::h38cae898de7f805c
Dec 01 21:22:20.927 INFO [stderr]                                at libstd/panicking.rs:289
Dec 01 21:22:20.927 INFO [stderr]                                at libstd/panic.rs:392
Dec 01 21:22:20.927 INFO [stderr]                                at libstd/rt.rs:58
Dec 01 21:22:20.927 INFO [stderr]   14:     0x55cfd5d68258 - std::rt::lang_start::h8ede6b00714158c2
Dec 01 21:22:20.927 INFO [stderr]                                at libstd/rt.rs:74
Dec 01 21:22:20.927 INFO [stderr]   15:     0x55cfd5d66059 - main
Dec 01 21:22:20.927 INFO [stderr]   16:     0x7fe37655582f - __libc_start_main
Dec 01 21:22:20.927 INFO [stderr]   17:     0x55cfd5d5df68 - _start
Dec 01 21:22:20.927 INFO [stderr]   18:                0x0 - <unknown>
Dec 01 21:22:20.927 INFO [stderr] 
Dec 01 21:22:20.927 INFO [stderr] warning: build failed, waiting for other jobs to finish...
Dec 01 21:22:21.946 INFO [stderr] error: build failed
Dec 01 21:22:21.950 INFO [stderr] su: No module specific data is present
Dec 01 21:22:22.684 INFO running `"docker" "inspect" "9e4d57b2dc0027645cb226976c9c639b876069e585bf48eb95e9909048a00969"`
Dec 01 21:22:22.943 INFO running `"docker" "rm" "-f" "9e4d57b2dc0027645cb226976c9c639b876069e585bf48eb95e9909048a00969"`
Dec 01 21:22:23.267 INFO [stdout] 9e4d57b2dc0027645cb226976c9c639b876069e585bf48eb95e9909048a00969
